489. Determine i(-4).
6
Let c be 51/6 + 6/(-4). Let y(r) be the third derivative of -r**5/60 + r**4/6 + r**3 + 537*r**2. What is y(c)?
-15
Let j(k) = -11*k**2 + 28*k + 14. Let p(d) = 36*d**2 - 92*d - 45. Let f(z) = 13*j(z) + 4*p(z). Suppose -12 = -3*s - 0. Determine f(s).
2
Let j(s) be the second derivative of -s**5/10 - s**4/12 + s + 581. Calculate j(2).
-20
Let r(v) = 5*v**2 - 5*v + 2. Let p(x) = 5*x**2 - 5*x + 1. Let b(k) = 2*p(k) - 3*r(k). Determine b(3).
-34
Let v(j) = -j**2 - 7*j. Let q = 82 + -48. Suppose 34 = -q*c - 136. What is v(c)?
10
Let z(w) = -w**2 + 9*w - 5. Let i(k) = -k**3 - 2*k**2 + 8*k + 4. Let g be i(-4). Suppose 138 = g*v - v. Let l = v - 40. Give z(l).
13
Let p(i) = -i**2 + 28*i - 60. Let y be p(25). Suppose -5*t = 5*f - 23 + 18, -5*f = -y. Let o(a) = -1 - 3*a + 0 + 4*a - a**2 - a**3. What is o(t)?
1
Let t(i) be the first derivative of i**4/4 - 4*i**3/3 - i**2/2 + 12*i - 14. Determine t(3).
0
Let z(d) = -3*d**2 + 7. Let j = 15463 + -15463. Calculate z(j).
7
Let y(h) = h**3 - 5*h**2 + h - 3. Suppose -3*w - 5*n + 15 = 2*w, -4*n = 16. Suppose -10*z + 15 = -w*z. Determine y(z).
2
Suppose -16*q + 156 - 30 = -79*q. Let l(m) = 11*m**3 + 3*m**2 - 2*m - 4. Determine l(q).
-76
Let u(h) be the first derivative of 13/2*h**2 + 1/3*h**3 - 59 - 4*h. Determine u(-14).
10
Let j(y) = 4*y**3 + y**2 + y + 1. Let a(n) = -14*n**3 - 4*n**2 - 5*n - 6. Let f(v) = -a(v) - 4*j(v). Let i be 3/6*8 - 2. Give f(i).
-12
Let g(n) = -n**3 - 3*n**2 - 2*n - 3. Let r be g(-3). Let b(h) = -4*h + 696*h**2 + r*h + 6 - 697*h**2. Give b(0).
6
Let p(t) = -18*t**2 + t - 14*t**3 + 3*t**3 + 2*t**3 + 10*t**3 - 27 - 7*t**2. What is p(25)?
-2
Suppose -3*p = 11*p. Let c(m) = -3 + 7 - 5*m - 4 - 1 + p. Determine c(-4).
19
Suppose n + 46 = 2*t, 3 = 5*t - 22. Let z be (-4)/3*n/8. Let a = -12 + z. Let p(m) = -m - 2. Calculate p(a).
4
Let n(o) = o**2 - 6*o - 1. Let p(c) = 3*c**2 - 13*c - 1. Let g(k) = 5*n(k) - 2*p(k). Let s(d) = d**3 - 13*d**2 + 29*d + 6. Let y be s(10). Determine g(y).
-3
Let l be (4 + 35/(-5))*10/10. Let h be (7 - 24/3)/(l/(-9)). Let u(y) = y**2 + 3*y + 3. What is u(h)?
3
Let a(t) = t**2 - 8*t + 8. Let v = -73 + 218. Let n = -133 + v. Let d be (-4)/n + 2/((-12)/(-38)). What is a(d)?
-4
Let t(d) = 5*d**3 - 57*d**2 + 15*d + 62. Let k be t(11). Let f(i) = -i**3 - 14*i**2 + 16*i - 28. Determine f(k).
-43
Suppose 0 = -6*p + 7*p + 5*a + 33, 0 = -5*p + a + 17. Let m(u) = 50*u - 9. Calculate m(p).
91
Let y be -2*(-3 - (2 - 4)). Let s(o) = y + 2*o + 6 - 4 + 1. Suppose -11*z - x = -7*z + 16, z - 2*x + 4 = 0. Determine s(z).
-3
Let d(r) = -5*r**2 - 2*r + 4. Let x be 4*(138/(-24) - -6). Determine d(x).
-3
Let q(p) = p**3 - p**2 - p - 1. Suppose 5 = 10*h - 20 + 5. Determine q(h).
1
Let c(v) = v**2 - 3*v - 2. Let l(k) = k**2 + 5*k - 4. Let g be l(-6). Suppose 5*q - 14 = o, g*o + 0*q = 4*q + 2. Suppose 0 = -2*z + o - 7. Calculate c(z).
-4
Let c = 0 - 0. Let v(p) be the second derivative of -p**4/12 - p**3/6 - 4*p**2 - 20488*p. Determine v(c).
-8
Let y(p) = 2*p**2 - 5*p + 5. Let f = 196 + -194. Suppose -9*u + 10*u + f*w = 6, 0 = -5*w + 5. What is y(u)?
17
Let x(v) = v**2 - 7*v - 10. Let c(g) = -6*g - 59. Let l be c(-13). Suppose -l = -2*w - 1. What is x(w)?
8
Let f(v) = v**3 - v + 1. Let r be 122 - 1*(8 + -9). Suppose -r*j = -132*j. What is f(j)?
1
Suppose -2*l = 3*a - 28, -11*l = -3*a - 10*l + 22. Let y(q) = -q**3 + 7*q**2 + 3*q + 18. Determine y(a).
-22
Let f(a) = 8*a. Let o(h) = h**2 + 2*h - 56. Let g be o(-9). Let c = g - 6. Calculate f(c).
8
Let z(j) = j**3 - 4*j**2 + j + 4. Suppose 24 - 72 = -4*m. Suppose 629*t - 36 = 611*t. Suppose -m = -t*c - c. Calculate z(c).
8
Let o be 2/9 - 80/(-45). Let w(y) = o + 64*y + 62*y - 123*y + y**2 + 0. Calculate w(-5).
12
Let j(b) be the third derivative of -b**5/30 - 5*b**4/4 - 17*b**3/3 - 10*b**2 - 12. What is j(-14)?
-6
Let z(r) be the first derivative of -49*r**2/2 - 134*r + 2438. Calculate z(-3).
13
Let z(y) = 180*y**3 - 1000*y**2 + y - 182*y**3 - 18 + 1030*y**2. Determine z(15).
-3
Suppose -45*t = -40*t - 10. Let s(y) = -5*y - 11*y**2 + 21*y**2 - 9*y**t + 3 + 2. Determine s(4).
1
Let h(z) = -z**3 + 5*z**2 - 6*z + 1. Let x(c) = c + 13. Let a be x(0). Suppose 7 + a = 5*t. Calculate h(t).
-7
Let l(u) be the first derivative of u**4/4 + u**2/2 + 13*u - 180. Suppose 2*k + 4*a - 2*a - 2 = 0, k + 2*a + 2 = 0. Suppose 0 = 6*f - k*f. What is l(f)?
13
Let w = -424 - -429. Let h(z) = -6*z**3 - 19*z + 14*z + 6*z**2 + 5*z**3 + 6. Determine h(w).
6
Let v(z) = z**3 - 5*z**2 - 7. Let p(y) = 2*y + 16. Let n(g) = -g. Let s(t) = n(t) - p(t). Let c be s(-11). Suppose c = 3*u + 2. What is v(u)?
-7
Let r(c) = 56*c - 890. Let x be r(16). Let w(p) be the third derivative of 0 + 2*p**2 + 13/120*p**x + 0*p**4 + 1/6*p**3 - 1/30*p**5 + 0*p. Determine w(-1).
-14
Let c(n) = n**2 - n - 18. Let b = -284 - -286. Suppose -q + 2*y = 4, -q + 2 = -b*q + y. Determine c(q).
-18
Let r(b) be the first derivative of b**3 - b**2 - 13*b + 784. Determine r(4).
27
Let h(r) = -39*r - 71 - 14*r + 21 + r**3 + 8*r**2 - 147 + 40*r**2. Let d be h(-49). Let m(g) = -g**3 + g**2 + 2*g + 1. Determine m(d).
1
Suppose 10*k = 15*k - 630. Let l = k - 81. Let s(n) = 7 + 0*n + n**3 + 50*n**2 - l*n**2 - 6*n. Give s(-6).
7
Let u(f) = 8565*f**3 - 17*f**2 - 21 - f - 8566*f**3 + 3*f**2. Give u(-14).
-7
Suppose 0*p - k - 14 = 2*p, 35 = -3*p + 2*k. Let x(s) = -s**3 - 7*s**2 + 21*s + 26. What is x(p)?
-1
Let m(c) be the first derivative of c**6/120 - c**5/60 - c**4/8 - c**3/6 - 22*c**2 + c - 80. Let j(g) be the second derivative of m(g). Calculate j(-2).
-7
Suppose 0*w = 4*w - 56. Suppose -z = z - w. Let k(u) = -11*u + 13*u - u**2 - 6 + 5*u + 2*u. Determine k(z).
8
Let z(m) = -24*m + 8. Let i = 4162 + -4162. Give z(i).
8
Let x(v) = -257*v + 8224. Let l be x(32). Let q(r) be the first derivative of r**4/4 - r**2/2 - 15*r + 2. What is q(l)?
-15
Let h(r) = -3*r - 20. Let o be (2/38)/((-7)/(-14)) - 1470/(-114). Give h(o).
-59
Suppose 406 = -111*x + 73. Let f(w) = -4*w**2 - 7*w - 4. Let q(p) = p**2 + 2*p + 1. Let h(r) = 2*f(r) + 9*q(r). What is h(x)?
-2
Let q(d) = -5*d + 19. Suppose 4*k - 5*v - 59 = -61, 5*v - 10 = 0. What is q(k)?
9
Let z(s) be the first derivative of s**3/3 + 10*s**2 - 43*s - 1273. Determine z(-22).
1
Let v(u) = u. Let j(i) = -5*i - 2. Let y(o) = j(o) - 3*v(o). Suppose 2*s = 4*t - 24, 3*s - 55*t - 14 = -59*t. Give y(s).
14
Let n(l) = l**2 + 9*l + 18. Let j be n(-6). Let p(f) = f + j*f + 5 + 9 - f**2 + 4. Let g(z) = z**2. Let y be g(0). Determine p(y).
18
Let f(w) = w**3 + 5*w**2 + 2*w - 4. Let p = 24 + -22. Suppose -p*n = -37 - 21. Suppose -27*u = -n*u - 10. Determine f(u).
-14
Suppose 162*r = 194*r + 128. Let h(p) = -p**3 - 7*p**2 - 5*p + 3. What is h(r)?
-25
Let w = 107 + -105. Suppose w*n - 10 = 4*f, 0 = -f + 2*n + 2*n - 6. Let r(a) = -3*a + 3. What is r(f)?
9
Let o(y) = -y**3 + 8. Suppose -6*t + 3*t = -9. Suppose -3*d = 2*l - 25 + 4, -42 = -t*l - d. Suppose -3*p = 4*x - l, 3*p + 0 = x + 15. Calculate o(x).
8
Let w(u) be the third derivative of -u**6/120 + 3*u**5/20 - 5*u**4/24 - 17*u**3/6 - 921*u**2 + 21*u. Suppose 4*l = 2 + 30. Determine w(l).
7
Let b be (66/55)/((-6)/(-15)). Suppose 0 = -2*l - 5*n + 21, 0*l - 3*l = 4*n - 21. Let s(g) = 45*g**l - 46*g**3 + g**2 + 4 - 3 + g. What is s(b)?
-14
Let y(l) = -l**3 + 2*l**2 + l - 1. Let f be (-1)/(-1) + 9 + (-156)/12. Let j(n) = -2*n**3 + 13*n**2 + 9*n - 7. Let p(q) = f*y(q) + j(q). Give p(-5).
16
Let j be ((-162)/30 + 3)*(-45)/18. Let h(n) be the first derivative of n**4/4 - 2*n**3 + n**2 + n - 9. Give h(j).
13
Suppose -5*z = -3*n - 2 + 26, z = -3. Let k(l) = -l**2 - 2*l + 3. What is k(n)?
-12
Let j(r) = -4*r + 5 + 40*r - r - 29*r. Calculate j(2).
17
Let m(b) = -b - 16 + 34 - 18 - 13 + 24. Determine m(-4).
15
Suppose -4*l = -9 - 3. Let h(s) be the first derivative of s**2 - 4*s + 104617. What is h(l)?
2
Let b(m) = m**3 - 7*m**2 + 11*m - 12. Let l be (-3410)/(-440) - 7/4. What is b(l)?
18
Let j(z) = 2*z**2 + 5 + 245*z**3 + 14*z**2 - 244*z**3 - 80*z. Calculate j(-20).
5
Let f(a) = 126*a**2 + 125*a**2 + 17 + 13*a - a**3 - 262*a**2. Let c = -1277 - -1265. Give f(c).
5
Let i(y) be the second derivative of y**3 + 39*y**2 + 1972*y + 2. Calculate i(-20).
-42
Let r(m) = -m**3 - 8*m**2 - 7*m - 1. Let k be (-6496)/294 - (-2)/21. Let p(w) = 